1
Let n = 238 + -233. Suppose -4*q = -n*m - 2844, 327 - 1031 = -q + 3*m. List the prime factors of q.
2, 179
Suppose 12*d - 422940 = -47*d + 2*d. List the prime factors of d.
2, 5, 7, 53
Suppose -12 = -2*y + 10. Let l = 66 - y. Let t = l + -11. List the prime factors of t.
2, 11
Let g = 11 - 23. Let s be -58 + 1/((-3)/g). List the prime factors of (-2403)/s*(3 + -1).
89
Let h be ((-1)/2)/((-11)/(-22)). Let n be (-4)/2*42/(-28) + h. What are the prime factors of (-11151)/(-42)*((-8)/(-3) - n)?
3, 59
List the prime factors of 4 - (3 - (-5757)/(-5) - 3/5).
1153
Suppose 9*f - 8*f = -o - 98, 198 = -2*o - 3*f. Let w = 21 - o. What are the prime factors of w?
3, 13
Let u = 14472 - 4884. What are the prime factors of u?
2, 3, 17, 47
Let w = -8 - -12. Suppose 3*t = -d + 39, w*d = 2*t - 7*t + 65. Suppose -t*y = -y - 2808. What are the prime factors of y?
2, 3, 13
Let p = 2555 - 292. What are the prime factors of p?
31, 73
Suppose -673 = -2*v - c, 693 = 2*v - 2*c + 7*c. Let y = v + 92. List the prime factors of y.
2, 3, 71
List the prime factors of (28764/2256)/((9/(-428))/(-3)).
17, 107
What are the prime factors of ((-60)/(-3) - -1) + 40475?
2, 2531
Let t be 48/(-3)*4/24*-3. Let h = -205 + -193. List the prime factors of (-1)/((-24)/6) - h/t.
2, 5
Suppose 10724 = 49*o - 21*o. Suppose -u - 134 = -o. What are the prime factors of u?
3, 83
Suppose 71*b - 2116773 = -823904 + 2652033. List the prime factors of b.
2, 13, 2137
Let i be -1 + 4/6 + (-231)/(-99). Suppose -j - 10 = -k, j = i*k - 5*k - 26. What are the prime factors of (-1464)/j + (-12)/(-28)?
3, 5, 7
Suppose -n - 14 = -4*q, -3*q - 2*n + 7 = -n. Suppose -4*g + 230 = q*f, -f + 3*g = 4*g - 75. Suppose f = 16*a - 14*a. What are the prime factors of a?
5, 7
List the prime factors of (-5155441)/(-399) - 1/9*12/(-14).
3, 59, 73
Let y(w) = 305*w + 3463. What are the prime factors of y(30)?
12613
Suppose 0 = 8*x - 4*x. Suppose 1 = i + s - 0, x = i + 3*s + 1. List the prime factors of 89 - (i - 0)*-1.
7, 13
Let i(j) = 272*j - 51 - 35 + 11 + 19. What are the prime factors of i(2)?
2, 61
Suppose -5*r - k - 7571 = -31918, -5*r - 5*k = -24355. List the prime factors of r.
3, 541
List the prime factors of (-8298)/(-6) + ((-12)/(-8))/(7/(-28)).
3, 17
Suppose -5*w - 7 = -2*t - 16, -w = t + 8. Let d(b) = -49 - 5 + 2 - 42*b. List the prime factors of d(t).
2, 11
Let m(j) = -j**3 - 41*j**2 - 183*j + 28. Let t be m(-36). Let l = 100 + -24. Let q = l + t. List the prime factors of q.
2, 53
Let b = 2 + -15. Let d be 1 + b - 16/8. List the prime factors of (-6)/d - 2*(-2508)/56.
2, 3, 5
Let l(w) = 1242*w + 884. List the prime factors of l(22).
2, 41, 43
Let t = 2 + 47. Let q = t - 7. Suppose -q*g + 104 = -38*g. What are the prime factors of g?
2, 13
Suppose -7*w + 579 = 173. Let o be (1296/(-2))/(-4) - 4. Suppose -5*y - 2*k + w = -98, o = 5*y + k. List the prime factors of y.
2
List the prime factors of (-13869)/3015 - 196653/(-5).
2, 7, 53
Suppose 6*p - 366 = 138. Let g = 492 + p. List the prime factors of g.
2, 3
Suppose 0 = 71*w + 7456 - 322980. List the prime factors of w.
2, 11, 101
Let v(b) = 3*b - 71. Let k be v(23). Let p(u) = -u. Let w(o) = -29*o - 18. Let m(l) = k*p(l) - w(l). What are the prime factors of m(5)?
173
Let i be 42/4 + (-42)/28. Suppose 0 = -6*a + 3*a + i. Suppose a*b - 2*b - 44 = 0. List the prime factors of b.
2, 11
Suppose 0 = 4*l + 1 - 9. Let f(a) = -10*a + 12. Let z be f(l). Let x(g) = g**2 - 8*g - 14. List the prime factors of x(z).
2, 3, 19
Let u be 90/45*18/(-4). Let o(j) = 4*j - 3*j - 23 - 13 + j**2. List the prime factors of o(u).
2, 3
Let z be -3 + 30 + -3*8/(-6). Let n = z - 29. Suppose 4*v - v - 101 = 2*i, n*v - 42 = -5*i. List the prime factors of v.
31
Let o = 40 - 36. Let q(z) = z - 1. Let d(h) = h**2 + 2*h - 69. Let k(l) = o*q(l) - 2*d(l). What are the prime factors of k(0)?
2, 67
Let c(v) = -7*v**2 + 11*v - 4 - 7*v**2 + 0 + v**3. Let j be c(13). What are the prime factors of (-6)/(j/355) + 4?
3, 5
Let n(o) = -7 + 3*o + 3*o**2 + 8 + 20. List the prime factors of n(-9).
3, 79
Suppose 2*i - a + 3132 = 20618, -20 = 5*a. What are the prime factors of i?
8741
Suppose -3*l - 4808 = -v, -l + 10*l = -2*l. What are the prime factors of v?
2, 601
Let f be 4*((-1827)/12)/(3/2). List the prime factors of (f/2)/((4/(-4))/6).
2, 3, 7, 29
Suppose 155*x + 9596 = 3*w + 150*x, 3*x + 3204 = w. List the prime factors of w.
2, 3, 7, 19
Suppose 768 = -2*r - 0*x + 2*x, 0 = r - 4*x + 369. Let g = 811 + r. List the prime factors of g.
2, 211
Let r(l) be the second derivative of l**2 + 1/12*l**4 + 0 + 29*l - 4/3*l**3. What are the prime factors of r(-6)?
2, 43
List the prime factors of 20499/(-6)*588/(-49).
2, 3, 6833
Let t = -121 - -395. Suppose 31*y + t = 29*y. Let j = y - -321. What are the prime factors of j?
2, 23
List the prime factors of 4436439/561 + (-3)/33.
2, 3, 659
Suppose -12*r + 36125 = -25495. What are the prime factors of r?
5, 13, 79
Let z = 185 - 185. Suppose 817 + 3651 = 5*d + 4*o, d + 5*o - 881 = z. What are the prime factors of d?
2, 7
Suppose -33*i = -333973 + 123235. List the prime factors of i.
2, 31, 103
Let w = -124 - -123. What are the prime factors of w/(-6) - (-29264)/96?
5, 61
Suppose 225*y = 232*y. Suppose -9*f + 29*f - 5720 = y. What are the prime factors of f?
2, 11, 13
Let r = -44 + 48. Suppose -r*q = -4*b + 13 + 3, -5*b + 11 = 4*q. Suppose 3*z + 0*z = -b*p + 252, z = p + 78. What are the prime factors of z?
3
Suppose 28*q - 27*q = -1404. What are the prime factors of 11 - q - ((-3 - -6) + -9)?
7, 29
Let j = -138 + 137. What are the prime factors of 3006/8 - j/4?
2, 47
Suppose m + 71 = -0. Let t = 42 + m. Let s = t - -146. List the prime factors of s.
3, 13
Suppose -5624 = 9*s - 17387. List the prime factors of (2 + -2 - 1)/((-1)/s).
1307
Suppose 61152 = 83*p - 131*p + 444288. List the prime factors of p.
2, 13, 307
Let c = 261 + -261. Suppose 0 = -5*v + 39*u - 43*u + 6250, c = 5*u - 25. List the prime factors of v.
2, 7, 89
Suppose 5*t - 2 = 4*t. Suppose 0*q = -2*o - t*q + 3856, 0 = o - 4*q - 1913. Suppose -14*s = -o - 511. List the prime factors of s.
2, 3, 29
Let g(b) be the second derivative of b**4/12 + 13*b**3/6 + 369*b**2/2 - 84*b. List the prime factors of g(0).
3, 41
Let i = 193 - 161. Let z = 1162 - i. What are the prime factors of z?
2, 5, 113
Suppose 0 = 32*g - 33*g - 32. Let q = -3 - g. What are the prime factors of q?
29
Let c(g) = -182*g**2 + 5*g - 17. Let s(k) = 181*k**2 - 5*k + 21. Let h(a) = -3*c(a) - 2*s(a). List the prime factors of h(2).
3, 5, 7
Let g be -9 + (20/4 - 2). What are the prime factors of (39/g)/((-111)/22 + 5)?
11, 13
Suppose 2*h - j = j + 82, -4*j = 5*h - 178. Let n = h - 46. List the prime factors of n/(2*(-1)/14).
2, 7
Suppose -p = -9*l + 4*l - 10, -4*l - 8 = -4*p. Suppose 17*a - 13812 - 2729 = p. What are the prime factors of a?
7, 139
Let a(m) = -6*m**3 + 2*m**2 + 5*m - 6. Let t(j) = 7*j**3 - j**2 - 6*j + 6. Suppose 4*h - 24 = -0*h. Let i(d) = h*a(d) + 5*t(d). List the prime factors of i(6).
2, 3, 5
Suppose -x = -0 + 5. Let k be (-1)/1 + x + 4 + 1. List the prime factors of 6/3*(k - (-165)/6).
53
Let n be (-2)/4*0 - (-19 - 5). Let g be (4/(-8))/(1/n*4). What are the prime factors of (-3504)/(-14) - g - (-2)/(-7)?
11, 23
Let o be (-16)/(-160) + 45933/(-30). Let w = -989 - o. What are the prime factors of w?
2, 271
Suppose t + 69 = -3*d, -3*t = -4*t + 2*d - 74. Let q = 78 - 10. Let c = q - t. List the prime factors of c.
2, 5, 7
Let g(r) = 25*r**3 - 56*r**2 + 22*r - 261. What are the prime factors of g(13)?
2, 3, 7, 19
Suppose -24 = -6*a, -3*a - 22880 = -605*n + 603*n. What are the prime factors of n?
2, 59, 97
Suppose -200654 = -5*z + 3*k, 21*z - 16*z + 5*k - 200630 = 0. List the prime factors of z.
40129
Let b be (-48)/(-5)*(-105)/(-14). Suppose 5*c + 57 = b. Suppose i - 54 - 83 = -v, -2*i + c*v = -279. List the prime factors of i.
2, 3, 23
Let l(m) be the third derivative of -1/6*m**4 + 0*m + 2*m**3 + 0 - 9*m**2 + 1/60*m**5. List the prime factors of l(7).
3, 11
Let t = 312 - 309. Suppose 2*z = t*r + 1049, 8*r - 3*r = -z + 557. List the prime factors of z.
2, 7, 19
Let a(r) = 5*r - 21. Let k(m) = 2*m - 1. Let g(i) = a(i) - 6*k(i). Suppose -3*v - 8 = 28. List the prime factors of g(v).
3, 23
Let k be (((-174)/21 - -6) + 2)*-21. L